0. Let s be q(42). Determine z(s).
-5
Let l(m) be the third derivative of -m**6/120 + 7*m**5/60 + m**4/12 - 2*m**3/3 - 6*m**2. Suppose -44 = 5*r - 79. Determine l(r).
10
Let g(t) = -13 + 860*t**2 - 2*t**3 + 4*t**3 - t**3 - 17*t - 854*t**2. Calculate g(-8).
-5
Let k(q) = 18*q**2 + 4*q + 67. Let p(x) = -7*x**2 - 2*x - 34. Let r(l) = -2*k(l) - 5*p(l). Give r(-6).
-12
Let u be 4/1*245/20. Let r = 12 - u. Let f = -35 - r. Let l(j) = 5*j + 1. Calculate l(f).
11
Let k = 144 + -151. Let y(w) = -9*w**2 - 28*w + 7. Let c(t) = 3*t**2 + 9*t - 2. Let d(x) = k*c(x) - 2*y(x). Calculate d(-5).
-40
Let d(v) = -6*v + 5. Let o be 344/(-58) + 408/(-5916). What is d(o)?
41
Let v(u) be the first derivative of 2*u**3/3 - u**2/2 - u - 4. Suppose -3 = -o - 0. Suppose o*t = 5*h + 6*t - 18, -2*t = -2. Calculate v(h).
14
Let v(t) be the second derivative of t**5/10 + t**4/2 - 4*t**3/3 - 5*t**2/2 + 1672*t + 1. Give v(-4).
-5
Let c = -17995 - -17990. Let x(j) = -j + 2*j - 1 - 1 - 3. Calculate x(c).
-10
Suppose 8*n = 3*n - 35. Let a(o) = o**2 + 11*o + 21. Let m be a(n). Let h(k) be the third derivative of k**4/24 + 3*k**3/2 - 3*k**2. What is h(m)?
2
Let r = 64 + -59. Let v(x) be the third derivative of x**5/60 - x**4/24 - 2*x**3/3 + 10*x**2. Calculate v(r).
16
Let x(u) be the first derivative of u**4/4 + 5*u**3/3 - u**2/2 - u + 1. Let h be -6 + (-20 + (-1)/(-1))*40/(-760). Give x(h).
4
Let i(o) = o**3 - 11*o**2 - o - 5. Let n(w) = w**3 - 10*w**2 - 2*w - 5. Let v(m) = 4*i(m) - 5*n(m). Suppose -4*y - 2 + 30 = 0. Give v(y).
-2
Let i(o) = -675*o - 13 + 1370*o - 719*o. What is i(-5)?
107
Let o be 1/((-255)/36 + 3 + 4). Let q(u) = 5*u + 69. What is q(o)?
9
Let a(k) be the third derivative of k**7/2520 + k**6/80 - k**5/120 - 65*k**4/24 - 111*k**2. Let o(w) be the second derivative of a(w). Give o(-6).
-19
Let n(v) = 10*v**2 + 55*v + 103. Let f be n(-2). Suppose 3*o - p - 26 = 3*p, 0 = 5*p + 25. Let c(d) = -67*d**2 - 1 + 35*d**o + f*d**2 + 7*d. Determine c(-6).
-7
Let h(k) = 520514594*k**3 + 12*k**2 - 8*k - 520514595*k**3 - 2*k + 9. Let p be (-2)/4 + (-46)/(-4). Give h(p).
20
Let k(h) = 7*h + 7. Let a be (24/(-20))/((-4)/40*-2). Let p(o) = -o - 1. Let d(i) = a*p(i) - k(i). Give d(-9).
8
Let y = -2790 + 2786. Let l(h) = -h**3 - 4*h**2 - h - 9. What is l(y)?
-5
Let g(z) = z**2 + 10*z - 424. Let t be g(16). Let v(o) = o**3 + 8*o**2 + 7. Determine v(t).
7
Suppose -19079 = -56*d - 19191. Let y(f) = -187*f - 368. Give y(d).
6
Let z(m) = 5*m + 14. Let r(v) = -3*v - 8. Let p be (70/(-8))/(-7)*4. Suppose p*l = -3*b - 50, 0 = -l + 2*b + 3. Let k(o) = l*r(o) - 4*z(o). Give k(1).
1
Suppose 79*j - 19 = 28*j + 32*j. Let d(x) be the first derivative of 2*x**4 + x**2/2 + 1. Calculate d(j).
9
Suppose -15 = 2*f - 2*s + s, 2*s = -5*f - 42. Let q be 26/12*f*(-15 - -12). Let l be (5 - q/12)*-3. Let p(v) = -v**3 + v**2 + 3*v + 3. Give p(l).
9
Let z(q) be the second derivative of -3*q**3 - 121*q**2/2 + 465*q + 2. Give z(-6).
-13
Let z = 50 + -46. Suppose -2*i + 2 = 2*q, z + 4 = -4*q. Suppose -5*a = -j + 9, -4*a + 6*j - 16 = i*j. Let k(d) = -4*d**2 - d. Give k(a).
-3
Let f(w) be the second derivative of 7*w**4/12 + 4*w**3/3 + 3*w**2/2 - 16*w + 1. Let l(z) = 15*z**2 + 19*z + 6. Let c(n) = -13*f(n) + 6*l(n). Calculate c(7).
18
Suppose 2*x = -x + 21. Let f(h) = 1101*h**2 + 2 + 1102*h**2 - 8*h - 2202*h**2 + 0 - 10. Calculate f(x).
-15
Let k be 0 + 2 + 2 - 3 - 2. Let c(h) = -h**2 - 11*h + 1. Let v(u) = 2*u - 2. Let z(i) = k*c(i) - 3*v(i). Let p = 11 - 15. Give z(p).
1
Let g(q) = 28 + 5 - 35 + 7 + 4*q. What is g(6)?
29
Let w(q) = q + 14. Suppose 8 = 4*v, -y - v = -40 + 3. Suppose 2*b = -5*d + y, 5*d + 4*b = -0*d + 25. Let i be ((-56)/6)/(6/d). Calculate w(i).
0
Let s(u) = -8*u - 20. Let v be s(-6). Let y = v + -28. Suppose 3*j + 10 - 1 = y. Let c(k) = k**3 + 5*k**2 + 3*k - 2. Determine c(j).
7
Let n be (-16)/(-9) + (0 - 24/(-108)). Suppose -25 = -5*c - v + n*v, 2*v = 2*c - 10. Let m(t) = -t**2 + 6*t - 3. Determine m(c).
2
Let u be 7 - (7 - -28)*-1. Let h be ((-12)/(-8))/(u/56). Let t(y) = -5*y. Let r(j) = 5*j - 1. Let g(k) = 2*r(k) + 3*t(k). What is g(h)?
-12
Suppose -5*a - b - 86 = 0, 4*a - 9*b + 84 = -6*b. Let k be (-8)/(-12) - (-4 + 24/a). Let z(h) = -3*h + 15. Determine z(k).
-3
Let u(m) = -m**3 + m + 4. Let y(n) = n**2 - n - 1. Let z(g) = -u(g) - 5*y(g). Suppose 0 = c - 4*c - 5*l + 12, 2*c = l + 8. What is z(c)?
1
Let u = -10 + 19. Suppose 5*p = -u - 11. Let z(n) = 4 + 5*n + 47*n**3 - 13*n**3 - 24*n**2 - 35*n**3 + 21*n**2. Determine z(p).
0
Suppose 6 = -2*q - 20. Let l(v) = -v**2 - 10*v + 42. Let s be l(q). Let p be 0 + s/(-4) - (-100)/(-16). Let d(a) = 3*a + 2. Determine d(p).
-19
Let f(y) = -4638*y**2 + y**3 + 4652*y**2 + 327 + 11*y - 345. Suppose -2 - 5 = k + 3*a, 4*k - 4*a + 60 = 0. Determine f(k).
8
Let t = 142 - 138. Suppose 0*l + 8 = -w - l, -2*w - t = -l. Let d(c) = -2 + 8*c**2 + 5 + 4*c - 7*c**2. What is d(w)?
3
Suppose -5*v - b + 18 = 0, 17 + 9 = 4*v - 5*b. Suppose -2*l - 2*w = 0, v*w - w + 15 = 2*l. Let k(i) = i**l + 25*i - 24*i + 33*i**2 - 27*i**2. What is k(-6)?
-6
Let y(s) = -14*s - 6. Let a(q) = -15*q - 7. Let k(g) = -3*a(g) + 4*y(g). What is k(1)?
-14
Let d(v) be the third derivative of -v**5/60 + v**4/12 + 4*v**3/3 + 572*v**2. Let b = 23 - 5. Let r = b - 12. Determine d(r).
-16
Let p(g) = g**2 + 3. Let b be p(-3). Suppose b = -2*s - 2. Let k(h) = 80027 + 9*h - 18*h + 8*h - 80027. What is k(s)?
7
Suppose 27*x + 280 = 32*x. Suppose x = 9*t - t. Let y(z) = 3*z - 2 - 2*z - 6. Determine y(t).
-1
Let y be 0/(1*2) + 6. Let w(x) be the first derivative of -x**3/3 + 4*x**2 - 8*x - 17789. Give w(y).
4
Suppose 3*j - u = 27, 4*j - 53 + 19 = 2*u. Let a(r) be the third derivative of r**6/120 - 11*r**5/60 + r**4/3 + 7*r**3/6 - r**2 - 34*r. Determine a(j).
-13
Let b = -156 + 264. Suppose 11*j - b = 8*j. Suppose 6*p = 12*p + j. Let l(n) = -n**2 - 7*n - 7. Determine l(p).
-1
Let a be (-6)/(-33) - (-3936)/132. Let k(h) = a*h**3 + 24*h**3 - 53*h**3 + 4*h**2 - 6 - 5*h. What is k(-5)?
-6
Let r(t) = -4*t - 6*t**2 + 2*t + t**3 + 4 + 2. Let l = 152756 + -152750. Determine r(l).
-6
Let h(k) = -53*k - 1512. Let p be h(-29). Let m(u) = u - 33. What is m(p)?
-8
Let p(c) = 3*c - 6. Let w be (-18)/(-14)*10/((-270)/(-63)). Determine p(w).
3
Let k(f) = -f + 9. Let c = -252 + 951. Suppose -c*d = -706*d - 28. Determine k(d).
13
Let z(c) = -126*c**2 + 4*c + 256*c**2 - 12 - c**3 - 125*c**2. Let t be z(5). Let f(n) = n - 10. Calculate f(t).
-2
Let q(o) = o + 844 - 1703 + 850. Let h = 14 + -9. Calculate q(h).
-4
Suppose -300*y = -296*y - 24. Let m be (y/(-7))/((-32)/(-224)). Let a(q) = 3*q + 15. Give a(m).
-3
Let n(f) = -11*f**2 + 3*f + 2. Let p be n(-2). Let h = p + 44. Let s(r) = r. Let o(m) = -4*m - 4. Let x(b) = o(b) + 3*s(b). Determine x(h).
0
Let w(y) be the second derivative of 7*y**3/2 + 3*y**2 + 1133*y. Calculate w(-1).
-15
Let o(x) = -171*x - 11 + 52*x + 56*x + 59*x. Give o(-6).
13
Let s(z) be the first derivative of z**3/3 + 2*z + 96343. Suppose -6 = 5*k + 14. What is s(k)?
18
Suppose -2*o + 9852 = 4*h, -2*o = -7*o + h + 24630. Let v(q) = -o - 5*q**2 + 4926. What is v(-1)?
-5
Let q(a) be the second derivative of -3*a**5/20 - a**4/12 + 2*a**3/3 + 2692*a. Give q(-2).
12
Let v(a) be the second derivative of -a**3/2 + 43*a**2/2 + 1169*a. Calculate v(12).
7
Let g(k) = -18*k - k - 13*k + 2*k. Suppose 35*x - 23854 = -23889. Determine g(x).
30
Let a(x) be the second derivative of -x**4/4 + x**3/3 - 26*x. Let q(m) = -m**2. Let u(w) = -a(w) + 4*q(w). Calculate u(2).
-8
Let x be (-2)/(6/3)*1. Let a = x + 1. Let f(o) = o**2 - 2*o. Let n(t) = 5*t**2 - 11*t - 20. Let z(l) = -6*f(l) + n(l). What is z(a)?
-20
Let c(o) = 2*o**3 - 14*o**2 + 8*o + 30. Suppose -414 = -63*w - 6*w. Determine c(w).
6
Let k(o) = o**3 + 3*o**2 + 2*o - 8. Let g = 8949 - 8955. What is k(g)?
-128
Let f(d) = 4*d + 2. Let c be f(1). Let y = c + 0. Let a(t) = -4*t**2 + 5*t + 7. Let m(o) = -o**2 + 1. Let s(z) = -a(z) + 3*m(z). Calculate s(y).
2
Let l(q) be the third derivative of q**4/24 + 7*q**3/3 + 3*q**2. Suppose -1440 - 77 = 147*x - 47. Calculate l(x).
4
Suppose 9*a + 84 = 13*a. Suppose 0 = 4*v - a + 9. Let m(z) = 0*z**2 + 10*z**v + 6*z - 5*z + 0*z**2. Calculate m(1).
11
Let f(c) be the second derivative of c**4/6 + 7*c**3/3 + 6*c**2 + 410*c - 1. Give f(-6